ommon factor of 45 and b.
9
Let a(z) = -z**2 + 15*z - 5. Let n be a(14). Let g(s) = s + 13. Let r be g(-9). Suppose -3*t - 72 = -r*t. What is the greatest common factor of t and n?
9
Let z(s) = -3*s + 5 - 8*s + 10 - 4*s. Let k be z(-9). Calculate the greatest common factor of k and 30.
30
Suppose 2*c + 338 - 26 = 4*w, 3*w + 5*c = 260. Let z = w - 9. Suppose z = 2*n - 41. Calculate the greatest common divisor of 7 and n.
7
Let a = 79 + -34. Suppose 4*c - 3*f - 24 = 0, -5*c - 2*f = 1 - 8. Suppose 5*v - 81 + c = 3*w, -4*v + 76 = w. Calculate the highest common divisor of a and v.
9
Suppose -601 + 1546 = 9*m. What is the highest common factor of 455 and m?
35
Suppose -f + 0*f = -t + 75, 0 = t - 5*f - 71. Let g be 680/18 + (-4)/(-18). Suppose 0*n - g = -2*n. What is the highest common divisor of n and t?
19
Let u(g) = g**3 - 38*g**2 + 81*g - 32. Let o be u(36). What is the highest common divisor of 219 and o?
73
Suppose -120 = -5*s + o, 2*o - 55 - 17 = -3*s. Calculate the highest common factor of 60 and s.
12
Let y = 482 - 335. Let u = -93 + y. Let p(l) = l**3 + 15*l**2 - 16*l - 222. Let v be p(-15). Calculate the highest common divisor of v and u.
18
Let u(t) = -2*t**3 - 8*t**2 + 40*t - 16. Let l be u(-9). What is the highest common factor of 62 and l?
62
Suppose -72*u = -68*u - 24. What is the highest common divisor of u and 1266?
6
Let g(c) = 2*c - 21. Let j be g(11). Calculate the greatest common divisor of 8 and j.
1
Suppose 74*q = 49*q + 7875. What is the highest common factor of q and 189?
63
Suppose 0 = -5*u + 3*t + 145, u = -4*t + 2*t + 16. Let l be 237/(-2)*(-64)/24. Let v = l - 186. What is the highest common factor of v and u?
26
Suppose 5*u = 2*s - 6*s + 17, 3*u - 3 = 0. Suppose -2*x = -6*x - 112. Let c be s - 5 - (x + 2). Calculate the highest common factor of 12 and c.
12
Let t(s) = -s**3 - 13*s**2 + 15*s + 16. Let x be t(-14). What is the greatest common divisor of 25 and x?
1
Let a(c) = -c**2 - 12*c - 4. Let w be a(-6). What is the highest common factor of 64 and w?
32
Let z(u) = u**2 + 10*u + 12. Let k be z(-9). Suppose 311 = 2*w - 19. Suppose 9*h + 2*h - w = 0. What is the highest common factor of h and k?
3
Suppose -5*s + 23 = 3*r + r, -r = 4*s - 14. Suppose 72 = 2*m - 4*a, 7 = -r*a + 1. What is the greatest common factor of 45 and m?
15
Let z = 1518 + -548. Calculate the highest common divisor of z and 10.
10
Let u be 1/(5*4/80). Suppose -3*m + 4*o + 58 = 11, u*m - 96 = -3*o. Calculate the greatest common divisor of m and 28.
7
Let q(n) be the first derivative of n**4/4 - 8*n**3/3 + 4*n - 11. Let i be q(8). Let l be 6 + 3*i/3. What is the highest common factor of l and 50?
10
Suppose 3*v + 31 = 4*i, 3*i + 3*v - 4 = 2*i. Suppose 5*w + j = 173, -j - 62 = -2*w - 5*j. Calculate the greatest common divisor of i and w.
7
Let a(r) = -r**3 - 6*r**2 - 11*r + 2. Let k be a(-6). Suppose -57 = -3*n + 3*q, 31 = 5*n + 2*q - 50. Calculate the greatest common divisor of k and n.
17
Suppose -124*v + 480 = -118*v. Calculate the greatest common factor of 10 and v.
10
Suppose 3*h + 5*i - 431 = -25, 279 = 2*h + 5*i. Suppose -5*w - 165 = -5*m, 4*w - w + h = 4*m. Calculate the greatest common divisor of 4 and m.
4
Suppose -4 - 3 = 5*q - 2*c, 0 = 5*q + 5*c. Let v be q/(-6) + 418/12. Calculate the greatest common factor of v and 35.
35
Suppose 21*c + 45 = 717. Calculate the greatest common divisor of 608 and c.
32
Let x(t) = t**3 - 9*t**2 - 12*t. Let r(n) = -n + 27. Let h be r(17). Let u be x(h). Let m = -19 - u. What is the highest common divisor of m and 9?
1
Let l(h) = -72*h - 197. Let o be l(-4). What is the greatest common factor of 39 and o?
13
Let y be 79/(-237)*1*-33. What is the greatest common divisor of y and 77?
11
Let h be 2/9 - 669/(-27). Suppose -h - 7 = 4*l. Let o(p) = -5*p - 13. Let r be o(l). Calculate the highest common divisor of r and 3.
3
Suppose 24*m - 30*m = -390. Calculate the highest common factor of m and 1105.
65
Suppose 0 = 4*d + y - 12, 4*d - 4 = y - 0. Suppose -d*s + 5*s = 0. Suppose -160 = -2*o - s*o. What is the greatest common factor of o and 8?
8
Suppose 4*b = 8 - 108. Let m be 30/b*(-45)/2 + -3. Let u(a) = -a**3 + 9*a**2 - 2*a. Let x be u(4). What is the highest common divisor of x and m?
24
Let w be (-24 + 36)*3/2. Suppose 0 = 5*a - a - 24. What is the highest common factor of w and a?
6
Let u(l) = 4*l**2 - 2*l + 2. Suppose -3*g - 40 + 43 = 0. Let h be u(g). Calculate the greatest common factor of 4 and h.
4
Let t be 296/24 - (-4)/6. Suppose 10 = -2*y + 2*g, 2*g - 1 = 4*y + t. Let b = y + 6. What is the highest common factor of 4 and b?
4
Suppose -15*k - 360 = -20*k. Let z(f) = -26 + 2*f - f + 19*f**3 + 24. Let n be z(1). Calculate the highest common divisor of k and n.
18
Let a(q) = q**3 + 11*q**2 - 6*q - 12. Let t be a(-11). Calculate the highest common divisor of t and 297.
27
Let n(i) = -i**3 + 4*i**2 - 2*i - 7. Let a be n(3). Let p be (-4)/((-14)/a - 4). Calculate the highest common divisor of p and 1.
1
Let z be ((-486)/(-12))/((-1)/(-2)). Suppose 5*n = z + 9. Let t(i) = i**2 - 6*i - 4. Let p be t(8). Calculate the greatest common divisor of p and n.
6
Suppose -4*q - 2*d = -16, -5*q = -5*d - 26 - 9. Let x(r) = -r**3 + 25*r**2 + 5*r - 85. Let j be x(25). What is the highest common divisor of q and j?
5
Let x = 3500 - 3410. Let n be 1*19 - (2 - 1). What is the highest common divisor of x and n?
18
Let t(f) = -34*f**3 - f**2. Let s be t(-1). Let j = 37 - s. What is the highest common factor of j and 2?
2
Suppose 11*h - 152 = 9*h. Let m = h + -34. Calculate the highest common divisor of 210 and m.
42
Suppose -4*k - 447 = -5*z - 5*k, 0 = 3*z - 5*k - 285. Let r = -102 - -237. What is the highest common factor of r and z?
45
Let m(t) = t**2 + 13*t - 23. Let w = 59 - 81. Let q be m(w). What is the greatest common divisor of 25 and q?
25
Suppose -640 = 6*r + 4*r. Let i be (r/(-20))/(4/(20*1)). Calculate the greatest common factor of 176 and i.
16
Let b = 177 - -33. Let w(j) = 15*j - 3. Let g be w(10). Suppose 3*l = 5*o - g, -62 = -2*o + l - 3*l. Calculate the highest common factor of o and b.
30
Let g = -86 - -44. Let h be 13/6 - (-7)/g. Let x(w) = 3*w**2 - 3*w - 4. Let o be x(-2). Calculate the highest common divisor of h and o.
2
Suppose 29*l = 32*l - 54. Suppose -9*z - l + 126 = 0. What is the highest common factor of z and 48?
12
Suppose 0 = -0*q - 4*q + 160. Let o(g) = 3*g**2 - 4*g - 20. Let x be o(-10). Calculate the greatest common factor of x and q.
40
Let g = -148 - -184. Let o be (8/10)/((-2)/(-65)). Suppose 3*l = o + 1. Calculate the highest common factor of g and l.
9
Suppose -7*t = -3*t - c - 566, -5*c + 554 = 4*t. Let b = -209 - -303. Calculate the greatest common divisor of b and t.
47
Let g(m) = 4*m**2 - 3*m + 2. Let t(z) = -5*z**2 + 2*z - 2. Let c(r) = -4*g(r) - 5*t(r). Let b be c(-1). Calculate the highest common factor of b and 36.
9
Let a be (-10)/(-2) - (3 + -1). Suppose t = a*t - 8. What is the greatest common divisor of 28 and t?
4
Suppose 10*c - z = 6*c + 280, 0 = 4*c + z - 272. What is the highest common divisor of c and 345?
69
Let k = 6 + 0. Let a(u) = u**3 - 3*u**2 - u + 4. Let y be a(3). Let l = 2 + y. What is the greatest common factor of k and l?
3
Suppose -462 = -40*r + 33*r. What is the highest common factor of 6 and r?
6
Suppose 77 = 4*p + 17. Suppose 2*v + 3*r + 1 = 0, 2*r - p = -5*v - 2*r. What is the highest common factor of v and 49?
7
Let a = -24 + 28. Suppose -q + 33 = 3*o, o = a*o - 2*q - 24. Calculate the highest common factor of o and 4.
2
Suppose 0 = -4*u - 5*a + 102, 4 + 18 = u + 3*a. Calculate the highest common divisor of 238 and u.
14
Suppose 0 = -5*y - 26 + 356. Let s(j) = -3*j + 5. Let k be s(-7). Suppose -k = -4*m + 18. What is the greatest common factor of y and m?
11
Suppose -v + 15 = 2*v - l, 3*v = 3*l + 21. Suppose -j = -2*c - 4, 8 = -v*j + 2*c + 54. Let i = 32 - j. Calculate the greatest common factor of 144 and i.
18
Let y be ((-144)/10)/(21/(-630)). What is the highest common factor of 16 and y?
16
Suppose 7*n = -8*n + 22605. Calculate the greatest common factor of 11 and n.
11
Suppose 7 - 1 = 3*q. Suppose -144 = m - q*m. Suppose 0 = -3*j - 0*j - 3*b + 72, 5*j - m = b. What is the highest common divisor of 140 and j?
28
Let f(g) = -g**3 + 16*g**2 - 12*g - 1